at is the units digit of m?
7
Let p = 3 + 2. Suppose 2*v + 4*t = p*t + 17, 2*v + 5*t - 35 = 0. What is the units digit of v?
0
Let d = 21 - -7. Let u = d + 1. What is the tens digit of u?
2
Suppose -4 + 0 = -5*t - 2*q, q - 5 = -4*t. Suppose 4*u + t*m = 13 + 179, u - 62 = 3*m. What is the units digit of u?
0
Let r be (4/(-5))/((-4)/10). Suppose -r*n - 12 = -3*m, -2*m = n + 4*n - 8. Suppose 15 = m*l - l. What is the units digit of l?
5
Suppose 2 = -0*n - n. Suppose -2*j - 36 = 4*i, -2*j - j = -i - 16. What is the units digit of (4/i)/(n/10)?
2
Let b(l) = 2*l**2 - 7*l - 29. What is the units digit of b(-7)?
8
Let n = 16 - 12. Let v = -1 + n. What is the units digit of v?
3
Let v = 5 - -9. What is the units digit of v?
4
Let t be 1/(-1*2/(-14)). Suppose -5*o + 11 = -v, -15 = 2*v - o - 2. Let c = v + t. What is the units digit of c?
1
Suppose -20 = -4*t, 4*f = -0*t + t + 3. Suppose -f*k = -z - 6*k + 14, 0 = 2*k. What is the units digit of z?
4
Let v(z) = 0*z**2 + z**2 - 2*z + 8 - 2*z**2. Let i be v(-6). What is the units digit of 4/i + 37/4?
9
Suppose 140 = -2*g + 674. What is the units digit of g?
7
Let c(z) = -z**2 + 11*z + 3. Let r be c(11). Suppose 5*v + 2*w - 150 = 0, -v = 4*v - 5*w - 115. Suppose h - v = -r*h. What is the units digit of h?
7
Let r(y) = -y**2 + 8*y - 5. Let n be r(6). Suppose -4*s + 37 + n = 0. What is the tens digit of s?
1
Let y(a) = -a**3 + 8*a**2 + 10*a - 5. Let z be y(9). Suppose -5*f = 3*q - z, 5*f + 32 = 2*q + f. What is the units digit of q?
8
Let l be 3/(-3) - 0/1. Let c = l - -1. What is the units digit of (-1 + -1 + c)/(-2)?
1
What is the units digit of (-6 - -65) + -2*3/6?
8
What is the units digit of 9/27 - (-430)/6?
2
Suppose -5*f = 5*u - 670, 7*f - 130 = 6*f - 5*u. What is the tens digit of f?
3
Let v(u) = 159*u**3 - 3*u**2 - 3*u + 5. What is the units digit of v(1)?
8
Let m = -41 - -114. What is the tens digit of m?
7
Let w(v) = -v**2 + 11*v - 3. What is the tens digit of w(8)?
2
Let w(v) = v**2. What is the units digit of w(-1)?
1
Let z(j) = -2*j**3 - 23*j**2 + 33*j + 7. Let a(d) = d**3 + 11*d**2 - 16*d - 3. Let f(o) = -13*a(o) - 6*z(o). What is the tens digit of f(-7)?
2
Suppose 5 = -a + z, 4*a + 4*z = -a - 61. Let v = a + 13. What is the units digit of v?
4
Suppose 0 = 2*s + y - 440, -4*s = 3*y - 2*y - 882. What is the tens digit of s?
2
Suppose -2*r + 4 = 4*j, -3 = -2*r - 0*r - 3*j. Suppose 3*s - 2*s + 1 = r, 6 = w - 2*s. What is the units digit of w?
4
Let q be -1*-2*(-3)/(-2). Suppose 3*i + 3*f = -12, 2*i + 3*f = q - 9. Let h = -4 - i. What is the units digit of h?
2
Let n = 20 + -16. Suppose -p + n*p = 24. What is the units digit of p?
8
What is the hundreds digit of 178/(-3 - (-2 - 2))?
1
Suppose 0 = w - 24 - 29. What is the tens digit of w?
5
What is the units digit of (33/(-4))/(1/(-4))?
3
Suppose -171 = -m + 2*w, -w - 238 - 89 = -2*m. What is the units digit of m?
1
Let o(q) be the third derivative of 2*q**2 - 1/8*q**4 - 1/6*q**3 - 1/120*q**6 + 0*q + 0 - 1/30*q**5. What is the units digit of o(-2)?
5
Let r = -2 + 2. Suppose r = 3*q - 5*q - 2. What is the units digit of ((q - -2) + 1)/1?
2
Let b be (-1 - (-4)/3)*15. What is the units digit of 27*((-10)/(-6))/b?
9
What is the units digit of (12/(-10))/((-36)/5820)?
4
Suppose 2*a - 3*v - 113 = 0, -39 = -0*a - a - 2*v. Suppose -9 + a = 4*w. What is the units digit of w?
0
Let i(r) = 2*r**2 - r. Let d be i(-1). Let h(o) = 2*o**2 - 2*o - 2. What is the tens digit of h(d)?
1
Suppose 10 = 2*q - 2*o, -2*q - 7*o + 4 = -3*o. Suppose q*z - 11 = 29. What is the tens digit of z?
1
Suppose 0*k - k = -4. Suppose x + 44 = z, 0 = -k*z + x + 47 + 141. What is the tens digit of z?
4
Let u = 4 - 1. Suppose 2*f + 2*j = 70, 0*f + 2*f = u*j + 80. What is the tens digit of f?
3
Suppose 0*b - 726 = -3*b - 3*c, -4*c = 4. What is the tens digit of b?
4
Let p = -5 + 7. What is the units digit of p - -2*15/6?
7
What is the tens digit of (1 - -41)/((-3)/(-2))?
2
Let m(n) = -51*n - 66. Let a(g) = -4*g - 5. Let p(o) = -27*a(o) + 2*m(o). What is the tens digit of p(3)?
2
Suppose 0*n = -3*n + 63. What is the units digit of n?
1
Suppose -2*x - 4 = 4*p, 2*x + 0 = p - 9. Let y be (-2)/p*2/(-4). What is the units digit of (2/1 + 5)/y?
7
Let g(c) = -c**3 - 9*c**2 - 8*c + 2. Let l be g(-8). Suppose 4 = l*v - 4*x, 0*v - 3*v - 4 = -x. What is the tens digit of 234/15 + v/(-5)?
1
Let o(z) = z**3 - 6*z**2 + 6*z - 5. What is the tens digit of o(6)?
3
Let n(w) = -w**3 + w**2 + 3*w + 2. Let l be n(-2). Let f = -6 + l. What is the units digit of f?
2
Suppose 4*c = -20, 0 = 3*o - 0*o + 5*c + 16. Let s = o + 14. What is the units digit of s?
7
Let a = -40 + 57. Suppose 2*m - 35 = -5*x - 4, 2*m - a = -3*x. What is the units digit of x?
7
Let p(d) = 2*d + 5. Let n be p(-5). Let f be ((-22)/n)/((-5)/(-25)). Let g = f + -10. What is the units digit of g?
2
Suppose 2*q = s - 68, -s - 5*q = -92 + 10. What is the tens digit of s?
7
Let i(b) = -4*b + 2 + 6*b - b - 3*b. What is the tens digit of i(-6)?
1
Let r = 16 - 7. What is the units digit of r?
9
Let g = 61 - -7. What is the units digit of g?
8
Let l = -174 + 257. What is the tens digit of l?
8
What is the units digit of (-7)/49 + (-1032)/(-21)?
9
Let q = -25 - -61. What is the units digit of ((-2)/(-6))/(2/q)?
6
Let f(g) = 4 + 6*g**3 - 3*g**2 - 5*g**3 + 2*g - 3. Suppose 1 = 3*i - 2*t - 0, -5*t = -20. What is the units digit of f(i)?
7
Suppose 2 - 5 = -j. Suppose -4*v + 76 = 5*f, -6*v + j*f = -4*v - 16. What is the tens digit of v?
1
Suppose -60 = -17*c + 15*c. What is the tens digit of c?
3
Suppose -5*k - 4*q = -37 + 7, 4*k = 3*q - 7. Suppose -4*c = 3*s - 23, -49 + 11 = -4*c + k*s. Suppose x = c - 2. What is the units digit of x?
6
Suppose -s = -z - 26, -2*s = 3*z - 4*z - 54. What is the tens digit of s?
2
Let c(m) = m**3 + 80. Let x be c(0). Suppose 4*q - 89 = -0*q + 5*k, -4*q - 4*k = -x. What is the tens digit of q?
2
Suppose -123 = -5*x - 33. Let t be (-4)/x - 6/(-27). Suppose t*o + 2*o = 20. What is the units digit of o?
0
Let a be (0 + -2)*-1 - -1. Suppose 2*u = 0, a*u + 1 = -2*d + 3. Suppose 4*q = -5*i + 10, q - 2*i + d = 2*q. What is the units digit of q?
5
Let p be -6*(-1)/(-2 - -5). Suppose p*o = -m - 1, 0*m + 4*m = 3*o + 29. What is the units digit of m?
5
Suppose -2*b = -2*s, -5*s - 5*b = -12 + 2. Let q be s/2 + (-75)/(-10). Suppose -2 = -x + q. What is the units digit of x?
0
Let z = 43 - 1. Let q = z + -27. What is the units digit of q?
5
Suppose 70*i - 75*i + 1070 = 0. What is the hundreds digit of i?
2
Suppose 2*m - 36 = -3*f - 0*m, 4*m = 2*f - 8. Let a = f - 6. Suppose d = -5*u + 109, -a*d - 5 = -u - 0*d. What is the tens digit of u?
2
Let f be 4/(-12)*-1*3. Suppose p = -2 - f. What is the units digit of 8 + 2 + 3/p?
9
Let s be (-27)/(-3) + (-2 - 0). Let k be 5*7 - (-7 - -3). Suppose -s*r + k = -4*r. What is the tens digit of r?
1
Let x(u) = -u**3 + 3*u**2 + 2*u + 2. What is the units digit of x(3)?
8
Suppose -8 = -2*c - 2*c. Suppose -29 = -c*b + 41. What is the units digit of b?
5
Let w(r) = -2*r**2 + 2*r + 0 + 3*r**2 - 4. Let u(h) = h**3 + 13*h**2 - h - 17. Let c be u(-13). What is the units digit of w(c)?
4
Let b = 12 + 0. What is the tens digit of b?
1
Suppose 2*x + 13 = 5*s, 3*s - 19 = -2*s - 4*x. What is the units digit of s?
3
Suppose 4*m - 196 = -3*q, 98 = 2*m + 5*q - 2*q. Suppose 0 = -3*u + m - 1. What is the tens digit of u?
1
Let d be 2/4*2 - -15. Let g(k) = -k**2 - 5*k - 1. Let i be g(-4). Let j = d - i. What is the tens digit of j?
1
Suppose -3*v + 201 = 3*r, 0*r + v + 317 = 5*r. What is the units digit of (3/4)/(4/r)?
2
Let w be ((-5)/2)/(1/(-2)). Suppose -6*l + l = t - 3, 3*l - 15 = -w*t. What is the units digit of t?
3
Suppose 3 = -0*m + m. What is the units digit of m?
3
Let k(w) = 4*w + 1. Let a be k(7). Suppose -5*x - 71 = p - 12, -a = 2*x - 5*p. What is the units digit of ((-1)/3)/(4/x)?
1
Let w = -83 + 88. What is the units digit of w?
5
Let b be ((-3)/2)/(9/(-12)). Suppose 2*j - 8 = -b*j. Suppose y = z + j, 5*y + 0*z + 5*z = 50. What is the units digit of y?
6
Suppose -31 = -2*h + 3*j, h - 17 = -0*h + 2*j. What is the units digit of h?
1
Suppose 2*n = -x - 0*n + 119, n - 357 = -3*x. What is the tens digit of x?
1
Suppose 12 = -0*l + 6*l. What is the tens digit of (-3 - -14) + (l - 3)?
1
Let o(l) = -9*l. Let f b